{"id":8,"date":"2021-04-29T19:32:44","date_gmt":"2021-04-29T19:32:44","guid":{"rendered":"http:\/\/www.sigsa.co\/?page_id=8"},"modified":"2021-04-29T19:38:26","modified_gmt":"2021-04-29T19:38:26","slug":"recursos-humanos","status":"publish","type":"page","link":"https:\/\/www.sigsa.co\/?page_id=8","title":{"rendered":"Recursos Humanos"},"content":{"rendered":"\n<figure class=\"wp-block-image size-large\"><img loading=\"lazy\" decoding=\"async\" width=\"346\" height=\"340\" src=\"http:\/\/www.sigsa.co\/wp-content\/uploads\/2021\/04\/rh.png\" alt=\"\" class=\"wp-image-10\" srcset=\"https:\/\/www.sigsa.co\/wp-content\/uploads\/2021\/04\/rh.png 346w, https:\/\/www.sigsa.co\/wp-content\/uploads\/2021\/04\/rh-300x295.png 300w\" sizes=\"auto, (max-width: 346px) 100vw, 346px\" \/><\/figure>\n\n\n\n<ul class=\"wp-block-list\"><li>Head Hunting<\/li><li>Reclutamiento y Selecci\u00f3n de Personal<\/li><li>Estudios Socioecon\u00f3micos y laborales<\/li><li>Staffing (Tercerizaci\u00f3n de Personal)<\/li><li>Capacitaci\u00f3n<\/li><li>Administraci\u00f3n de N\u00f3mina<\/li><li>NOM-035<\/li><\/ul>\n\n\n\n<p><\/p>\n","protected":false},"excerpt":{"rendered":"<p>Head Hunting Reclutamiento y Selecci\u00f3n de Personal Estudios Socioecon\u00f3micos y laborales Staffing (Tercerizaci\u00f3n de Personal) Capacitaci\u00f3n Administraci\u00f3n de N\u00f3mina NOM-035<\/p>\n","protected":false},"author":1,"featured_media":0,"parent":0,"menu_order":0,"comment_status":"closed","ping_status":"closed","template":"","meta":{"footnotes":""},"class_list":["post-8","page","type-page","status-publish","hentry","entry"],"_links":{"self":[{"href":"https:\/\/www.sigsa.co\/index.php?rest_route=\/wp\/v2\/pages\/8","targetHints":{"allow":["GET"]}}],"collection":[{"href":"https:\/\/www.sigsa.co\/index.php?rest_route=\/wp\/v2\/pages"}],"about":[{"href":"https:\/\/www.sigsa.co\/index.php?rest_route=\/wp\/v2\/types\/page"}],"author":[{"embeddable":true,"href":"https:\/\/www.sigsa.co\/index.php?rest_route=\/wp\/v2\/users\/1"}],"replies":[{"embeddable":true,"href":"https:\/\/www.sigsa.co\/index.php?rest_route=%2Fwp%2Fv2%2Fcomments&post=8"}],"version-history":[{"count":2,"href":"https:\/\/www.sigsa.co\/index.php?rest_route=\/wp\/v2\/pages\/8\/revisions"}],"predecessor-version":[{"id":11,"href":"https:\/\/www.sigsa.co\/index.php?rest_route=\/wp\/v2\/pages\/8\/revisions\/11"}],"wp:attachment":[{"href":"https:\/\/www.sigsa.co\/index.php?rest_route=%2Fwp%2Fv2%2Fmedia&parent=8"}],"curies":[{"name":"wp","href":"https:\/\/api.w.org\/{rel}","templated":true}]}}